4796?
1247
What is the greatest common divisor of 9245 and 854625?
215
What is the highest common factor of 1 and 31702696?
1
What is the greatest common factor of 1877857077 and 969?
969
Calculate the highest common divisor of 516428 and 1858076.
5324
What is the highest common factor of 54560208 and 1360?
272
What is the highest common divisor of 342 and 77419?
1
What is the greatest common factor of 319 and 1239373?
29
What is the highest common divisor of 1336 and 21928?
8
What is the greatest common divisor of 12096 and 62262?
54
Calculate the greatest common divisor of 1165424 and 2288.
208
Calculate the highest common factor of 82200 and 479226.
822
What is the greatest common divisor of 26 and 405410018?
26
Calculate the greatest common divisor of 1764 and 283892.
28
What is the highest common divisor of 67317950 and 8533?
371
Calculate the greatest common divisor of 170623 and 20467.
97
Calculate the highest common divisor of 2821773 and 477.
159
What is the greatest common divisor of 1505445 and 5?
5
What is the highest common divisor of 561817235 and 70?
35
What is the greatest common divisor of 3424180 and 1615?
95
What is the greatest common divisor of 7114074 and 620922?
1434
Calculate the greatest common factor of 2724 and 11052.
12
Calculate the greatest common divisor of 3095828 and 980228.
7052
Calculate the highest common factor of 299219445 and 35.
35
What is the highest common factor of 444048 and 2738934?
1914
What is the highest common divisor of 1386 and 39548943?
63
Calculate the greatest common factor of 286 and 5922554.
22
What is the highest common divisor of 106398 and 306797?
23
Calculate the highest common factor of 26974206 and 231.
21
Calculate the greatest common divisor of 10520 and 20877992.
2104
Calculate the greatest common factor of 112951583 and 43.
43
What is the highest common divisor of 106 and 616396943?
53
What is the greatest common divisor of 3566915 and 3685?
55
What is the greatest common divisor of 192810919 and 1313?
101
Calculate the highest common divisor of 16599 and 3324327.
1509
Calculate the greatest common factor of 1148 and 728727153.
287
What is the greatest common factor of 306346 and 33182?
94
What is the greatest common divisor of 6 and 9417210?
6
What is the highest common factor of 2527 and 1165297?
7
Calculate the greatest common factor of 405216 and 9828.
756
Calculate the highest common factor of 5336 and 156053988.
2668
What is the highest common divisor of 221565131 and 1114?
557
Calculate the highest common factor of 101092 and 31044.
796
What is the highest common divisor of 3478046 and 2288?
286
Calculate the highest common factor of 95821 and 728717.
341
What is the highest common divisor of 28044 and 196875891?
7011
What is the greatest common factor of 1498 and 239582202?
214
What is the greatest common factor of 284 and 4371257?
71
What is the greatest common divisor of 162827897 and 797?
797
What is the highest common divisor of 267840 and 825468?
372
What is the greatest common factor of 633423 and 8771?
49
Calculate the greatest common divisor of 14691 and 6663696.
177
What is the highest common divisor of 36 and 239274228?
12
What is the greatest common divisor of 11001573 and 33?
33
Calculate the greatest common divisor of 24786 and 1104252.
102
What is the greatest common factor of 42795 and 103554390?
4755
Calculate the greatest common divisor of 497766 and 3657.
69
Calculate the greatest common factor of 8337969 and 36910.
3691
Calculate the greatest common divisor of 12015 and 2985.
15
What is the greatest common factor of 11 and 59782976?
11
What is the greatest common divisor of 4688806 and 2236?
86
Calculate the greatest common divisor of 1313650 and 485510.
470
What is the greatest common factor of 175254 and 9300?
6
What is the greatest common factor of 8543028 and 41496?
156
What is the greatest common divisor of 37113 and 6533?
139
Calculate the highest common factor of 160415161 and 3032.
379
What is the greatest common divisor of 1286271 and 5712?
357
Calculate the highest common divisor of 696 and 2599680.
24
Calculate the greatest common divisor of 71643 and 9399.
39
What is the highest common factor of 25960 and 197032?
88
What is the highest common factor of 2130 and 4311110?
10
Calculate the greatest common divisor of 557 and 69987607.
557
What is the highest common factor of 10921610 and 392?
98
Calculate the greatest common divisor of 111594 and 165102.
42
Calculate the greatest common divisor of 162161857 and 286.
143
Calculate the highest common factor of 10583 and 26085424.
557
Calculate the greatest common factor of 55517 and 491029.
539
What is the highest common divisor of 757815 and 72770?
95
What is the greatest common factor of 32641923 and 799?
47
What is the highest common divisor of 1424 and 16496?
16
Calculate the greatest common factor of 4901685 and 15.
15
What is the highest common factor of 4085 and 42269?
43
Calculate the greatest common divisor of 118548074 and 565.
113
What is the greatest common factor of 956 and 409157245?
239
Calculate the greatest common factor of 134945049 and 2166.
1083
Calculate the greatest common factor of 70 and 7258622.
14
Calculate the highest common divisor of 15576536 and 14824.
872
What is the greatest common factor of 89444 and 25524892?
1516
What is the greatest common divisor of 15 and 830067?
3
Calculate the highest common factor of 19233 and 5419432.
2137
What is the greatest common factor of 141970 and 38630?
10
Calculate the highest common divisor of 48 and 154415040.
48
Calculate the greatest common factor of 4680 and 3590640.
360
What is the greatest common divisor of 1173 and 641217?
69
Calculate the highest common divisor of 188 and 46027382.
94
What is the highest common factor of 88 and 52243928?
88
What is the greatest common factor of 2805048 and 72?
72
Calculate the greatest common divisor of 10025 and 589025.
25
Calculate the greatest common divisor of 48688136 and 4760.
952
Calculate the greatest common factor of 116619756 and 132.
132
What is the highest common factor of 2375 and 277495?
95
What is the greatest common factor of 690 and 7572290?
230
Calculate the highest common divisor of 525 and 180335.
5
What is the highest common divisor of 3056 and 38454030?
382
Calculate the highest common divisor of 18705795 and 60.
15
What is the highest common divisor of 26158288 and 144?
16
Calculate the highest common divisor of 9180848 and 32519.
1049
What is the highest common divisor of 49 and 78810851?
7
What is the highest common divisor of 584864 and 87416?
392
Calculate the highest common divisor of 194525472 and 1158.
1158
Calculate the highest common divisor of 114423853 and 1028.
257
Calculate the highest common divisor of 18754155 and 2030.
1015
What is the greatest common factor of 9312 and 134729120?
3104
What is the greatest common divisor of 8467073 and 2777?
2777
Calculate the highest common divisor of 3984 and 21791152.
1328
Calculate the highest common factor of 6656 and 9739392.
1664
What is the greatest common divisor of 62095559 and 36443?
3313
Calculate the highest common factor of 8219 and 269.
1
What is the greatest common divisor of 133391505 and 46488?
5811
Calculate the greatest common factor of 31447524 and 2336.
292
What is the highest common divisor of 362448 and 33327?
9
Calculate the highest common divisor of 5082 and 7788528.
726
What is the greatest common factor of 42 and 63037506?
42
Calculate the highest common divisor of 2813 and 304.
1
Calculate the greatest common factor of 42470012 and 642.
214
Calculate the highest common factor of 1761686896 and 928.
464
Calculate the highest common divisor of 329 and 2284294.
47
Calculate the highest common factor of 11429217 and 18.
9
What is the highest common factor of 209 and 11234567?
19
Calculate the highest common factor of 1230 and 235386.
6
Calculate the greatest common divisor of 426 and 159531.
3
What is the highest common divisor of 36509 and 297?
11
What is the greatest common factor of 6720098 and 2816570?
7934
Calculate the highest common factor of 1233 and 13740689.
137
What is the greatest common factor of 3359189 and 54550?
1091
What is the greatest common factor of 10123981 and 903